s of g.
2
Let r(z) = -z**2 - 5. Let p be r(0). Let o = p - -8. Suppose o*y = y + 22. List the prime factors of y.
11
Let s be (-140)/(-6)*(-24)/(-5). Suppose -4*z = 4*d - s, 4 = z - 0. Suppose -h + d = 3*n, n + 11 = 4*h - 4*n. List the prime factors of h.
3
Let s = 26 + -21. What are the prime factors of s?
5
Let o = 32 - 22. Suppose 4*f = x + 9, 3*x = x + f + o. Suppose -5*u + 18 = p - x, -3*p = u + 9. What are the prime factors of u?
2, 3
Let g = -7 + 5. Let x = 2 - g. Suppose 4*i - 27 = 5*f, -3*i + x*f = 5*f - 6. What are the prime factors of i?
3
Let f(r) = 2*r - r - 3*r + 3*r - 1. What are the prime factors of f(10)?
3
Let w be (-4)/8 + 45/6. Let d(k) = -k**2 - k. Let u(a) = -4*a**2 + 7*a - 9. Let o(r) = -3*d(r) + u(r). What are the prime factors of o(w)?
2, 3
Let r be 25/(-10)*-2*1. Let x = r + -3. Let g = 5 - x. What are the prime factors of g?
3
Suppose -4*d - 5*q + 327 = 0, 0 = -0*d - 3*d - 5*q + 239. What are the prime factors of d?
2, 11
Let n(x) = 5*x**3 + x - 1. What are the prime factors of n(1)?
5
Let w be (-1 - -1)*(-4)/(-8). List the prime factors of 18/(w - -2)*1.
3
Suppose m - 3*m + 50 = 0. What are the prime factors of m?
5
Let i = 124 + -65. List the prime factors of i.
59
Let l = -17 + 22. What are the prime factors of l?
5
Suppose 2*d = 3*d - 129. List the prime factors of d.
3, 43
Suppose -3*n = -5*n - 4. Let g be (-1)/(n - -3) - -2. Suppose 7 = 4*q - g. List the prime factors of q.
2
Let z be (-2 - 0) + 2 - -1. Suppose 0 = 3*a + z - 13. What are the prime factors of a?
2
Suppose -v + 15 = 4*c, 2*c = -v + 1 + 4. Let p(i) be the third derivative of -i**4/24 - i**3/6 - 2*i**2. What are the prime factors of p(v)?
2
List the prime factors of 24 - (1 - (1 + 3)).
3
Let s = -21 - -34. Suppose -s = -k + 13. List the prime factors of k.
2, 13
Suppose 7*g + 108 = 11*g. List the prime factors of g.
3
Let c(y) = -14*y + 34. What are the prime factors of c(-7)?
2, 3, 11
Let v = 58 - 6. What are the prime factors of ((-1)/2)/((-1)/v)?
2, 13
Let x(u) be the second derivative of -u**3/6 - u**2 + u. What are the prime factors of x(-8)?
2, 3
Suppose 0 = j - 40 - 7. What are the prime factors of j?
47
Let p = 11 - 4. What are the prime factors of p?
7
Let o(g) be the third derivative of g**6/120 - g**5/12 + 5*g**4/24 - g**3/2 + g**2. What are the prime factors of o(5)?
2, 11
Let a(p) = -p**2 - 11*p - 2. Let f be a(-7). Let h = f - -1. List the prime factors of 6/(-27) + 249/h.
3
Suppose 2*u + 2*f - 7 = -u, 0 = -2*u + 2*f + 18. Let l(q) = q**3 - 8*q**2 + 9*q + 10. Let d be l(7). Suppose -u*y + 2*y + d = 0. List the prime factors of y.
2
Let q(w) = -w - 7*w**2 - 5 + 2 - w**3 + 1. Let i be q(-7). Suppose 4*n - i*n + 11 = 0. List the prime factors of n.
11
Suppose 6*b = b. Let n be b*2/(6 + -2). What are the prime factors of 12 + (-1 + n)*0?
2, 3
Suppose -82 = -4*x - 2*g, 0 = x + x + 2*g - 40. What are the prime factors of x?
3, 7
List the prime factors of (-4)/(-3*(-1)/(-9)).
2, 3
Let l(y) = 2*y**3 - 6*y**2 + 5*y + 2. Let b be l(4). Suppose 0 = 5*o + 5*d - 76 - b, 110 = 5*o - 5*d. What are the prime factors of o?
2, 3
Let o = 13 + 2. Let r = -6 + o. What are the prime factors of r?
3
Let p be 6 + 2 + -3 + -2. Suppose m = -p*m + 60. What are the prime factors of m?
3, 5
Suppose -2*l = -5*z - 19, 2*l = l - 2*z + 14. Suppose -x + 2*s = -6*x + 83, -l = -3*s. What are the prime factors of x?
3, 5
Let w = 3 + -5. Let z = 1 + 23. List the prime factors of (w/(-6))/(2/z).
2
Let p be (48/30)/((-1)/10). Suppose v = -0*v - 10. Let g = v - p. What are the prime factors of g?
2, 3
Let v = 45 + -25. What are the prime factors of ((-72)/(-45))/(1/v)?
2
Suppose -x - 6 = 1. List the prime factors of 2/x + (-51)/(-7).
7
Suppose j - 4 = 1. Suppose 5*w = 3*g + 2*w, 4*g = -j*w + 36. Suppose 3*h - g*h + 13 = 0. List the prime factors of h.
13
Let z be 2/5 - 72/5. Let q = z + 45. What are the prime factors of q?
31
Let x be (-2 - (-4)/3)*18. List the prime factors of x*(-3)/3 - -3.
3, 5
Let k = -36 - -186. What are the prime factors of k?
2, 3, 5
Let o(g) = g**2 - 2*g + 3. Let r be o(0). Let c(p) = -p**3 - 4*p**2 - 4*p - 6. Let i be c(-4). Let n = r + i. List the prime factors of n.
13
Suppose 2*s = -3*k + 35, 9*k - 4*k = 3*s + 33. List the prime factors of k.
3
Let p(x) = -6*x - 27. List the prime factors of p(-18).
3
Let t = 18 + 130. What are the prime factors of t?
2, 37
Let s be 4/(3*(-2)/(-6)). Suppose -s - 5 = 3*b. Let h(q) = -q**2 - 5*q - 2. List the prime factors of h(b).
2
Let z = 2 - -2. Suppose z*f - 23 + 7 = 0. Suppose -f = 2*u - 26. What are the prime factors of u?
11
Let p = 21 - 22. What are the prime factors of p/((-66)/16 + 4)?
2
Let i(w) = w**3 + 6*w**2 + 2*w - 5. Let m be i(-5). Suppose -3*f - m = -2*f. Let b = 17 + f. List the prime factors of b.
7
Let d(p) = -p + 5. Let l be d(0). Suppose 2*o + t + l = 0, -o + 2*t + 5 = t. Suppose -r + 26 = 5*i - o, -4*i - r + 20 = 0. List the prime factors of i.
2, 3
Suppose 0 = -t + 2*f - 0*f + 8, 3*t - 38 = -f. Suppose 2*b - 8 = -l, 5*l = 8 + t. Suppose -3*x - 19 = -b*o + 1, 3*x = -2*o + 20. List the prime factors of o.
2, 5
Let i(l) = -l**2 + 3*l - 1. Let b be i(2). List the prime factors of -4 - -7 - -46 - b.
2, 3
Let p = 45 - 9. What are the prime factors of p?
2, 3
Suppose 20*z + 213 = 23*z. List the prime factors of z.
71
Suppose -3*q = -0*l + 3*l - 12, 12 = q + 3*l. Suppose 3*w + 3*b - 47 = b, -25 = 5*b. Suppose q*n = n - w. List the prime factors of n.
19
Let r(t) = -t**2 - 13*t - 6. Let x = -24 + 14. List the prime factors of r(x).
2, 3
Suppose -4*m = 12, -4*j - 2*m + 178 = -0*j. What are the prime factors of j?
2, 23
Suppose -5*z + 1486 = -99. List the prime factors of z.
317
Suppose 24 = 3*z + 4*d - d, 3*z - 3*d = 0. Suppose z*p + 2*w - 36 = 5*w, 4*w = 3*p - 34. What are the prime factors of p?
2, 3
Suppose -4*u + 0*x + 82 = 2*x, -3*u + 3*x + 39 = 0. Suppose 7*l = 2*l + 5*m + 20, 0 = 4*l - 5*m - u. Suppose -l*c + 10 = -c. What are the prime factors of c?
2, 5
Let k = 98 - 192. Let m = k + 139. Suppose -m = -2*w - 3*w. What are the prime factors of w?
3
Let k(t) be the second derivative of t**5/60 + t**4/12 + t**3/3 - 3*t**2/2 - t. Let u(n) be the first derivative of k(n). List the prime factors of u(-2).
2
Suppose d - 3*v - 15 = 4, -3*v = 2*d - 11. List the prime factors of d.
2, 5
Suppose 0*v - 3*l - 16 = -v, 2*l = 5*v - 15. Let c be -8*v*2/4. What are the prime factors of (c*3)/(-1) - -2?
2, 7
Let f be 1*(-1)/(3/(-15)). Suppose -f*z = -26 - 9. Suppose b = -w + 20, z = 5*w - b - 81. What are the prime factors of w?
2, 3
List the prime factors of 1 - (-8 - 7)*1*26.
17, 23
Let v(q) = -q**2 - 7*q - 3. List the prime factors of v(-3).
3
Let y = -15 - -52. What are the prime factors of y?
37
Suppose 5*a = 0, 2*g = -g + a + 297. What are the prime factors of g?
3, 11
Let v be 1*-3*(-4 + 3). Suppose -2*m + v*q + 28 = -3*m, m = -q - 20. What are the prime factors of (-4)/(-1) - 3 - m?
17
Let x be (-54 + 0)*(-4)/6. Let l be x/8 + (-1)/(-2). Suppose s = -5, -3*s + 6*s + 75 = l*z. What are the prime factors of z?
2, 3
Let i = -9 - -42. Let a = -19 + i. What are the prime factors of a?
2, 7
Let p = 21 + -6. Suppose 2*a - p = -3*a. What are the prime factors of a?
3
Let n(z) be the third derivative of -z**5/60 - z**4/24 + 17*z**3/6 + 3*z**2. What are the prime factors of n(0)?
17
Let c(p) = p**3 - 2*p**2 - p - 2. Let q be c(3). Suppose 0 = -j - 5*l - q, 2*l = -4*j - j + 26. Suppose 4*n + 6 = j*n. What are the prime factors of n?
3
Let n be (-1 - 0)/(1/(-3)). Suppose -2*o = 4*v + 30, -8*o - 36 = -3*o - n*v. Let p = 1 - o. What are the prime factors of p?
2, 5
Let z = 3 - 3. Suppose -3*y + 2*p - 8 = z, -p + 2 + 2 = 0. Suppose -3*m - m + 8 = y. List the prime factors of m.
2
Suppose 1 = -3*t + 7. Let b(l) = -l**2 - 10*l - 13. Let u be b(-8). Suppose -m = -x - t, 0 = 5*m + u*x - 11 - 7. List the prime factors of m.
3
Suppose 7*n = 10*n - 105. List the prime factors of n.
5, 7
Let o(g) = -2*g**2 + g + 28. Let c(l) = -l + 4. Let s be c(4). What are the prime factors of o(s)?
2, 7
Suppose k + 17 = -5*u, k + 3*k - 3*u - 1 = 0. List the prime factors of 4 - 0 - (k - 26).
2
Let z = 9 + -8. What are the prime factors of -3 - (-31 - (3 - z))?
2, 3, 5
Suppose 63 = 4*w - 749. What are the prime factors of w?
7, 29
Su